(base 2) to base 13.
-62113
111411300 (base 6) to base 7
23221260
-10001100101110011 (base 2) to base 12
-35843
Convert 14432242 (base 5) to base 14.
40866
What is b509 (base 15) in base 13?
14550
What is 262b1 (base 13) in base 15?
15e91
Convert -1425a7 (base 11) to base 15.
-46119
Convert 32003211 (base 5) to base 2.
1000000111101001000
What is 7a208 (base 13) in base 12?
a8743
Convert -1033142122 (base 5) to base 7.
-25020310
Convert 210212100002 (base 3) to base 12.
18906b
127233 (base 11) to base 5
22344203
What is -f516 (base 16) in base 15?
-138cc
What is -809268 (base 10) in base 13?
-224475
What is -163ccc (base 14) in base 3?
-1110120200222
Convert -230002331 (base 4) to base 12.
-884a5
What is -220102110112 (base 3) in base 10?
-480749
What is -180041 (base 9) in base 7?
-643201
Convert -37386 (base 10) to base 2.
-1001001000001010
What is 8138b (base 14) in base 9?
523274
What is 110000001010010 (base 2) in base 7?
131614
-587992 (base 12) to base 3
-2200022202002
What is -127471 (base 10) in base 5?
-13034341
Convert -11100011011100101011 (base 2) to base 4.
-3203130223
What is -132405 (base 11) in base 2?
-110010110011111101
What is 1518389 (base 10) in base 14?
2b74c5
What is -5207a (base 11) in base 4?
-102202302
What is 10a7fe (base 16) in base 12?
447852
What is -a9c75 (base 13) in base 6?
-10331351
What is 3496827 (base 10) in base 7?
41502555
14016223 (base 10) to base 4
311131323133
Convert 21201011100 (base 3) to base 2.
100101000011000101
335068 (base 10) to base 11
209818
Convert -22dea (base 16) to base 15.
-2c4bb
What is 130220001 (base 4) in base 3?
12221211120
What is 1001110100110010000001 (base 2) in base 5?
1124403424
What is -62b79b2 (base 12) in base 16?
-11ca7d6
What is 14aca41 (base 13) in base 16?
6519a2
Convert -1502213 (base 7) to base 11.
-129141
Convert -3475606 (base 8) to base 5.
-220333001
-240710 (base 9) to base 2
-100011011000010110
e5783 (base 15) to base 11
4574a3
Convert 3696604 (base 10) to base 6.
211121524
16619c (base 14) to base 7
6446655
3919280 (base 10) to base 5
2000404110
What is 101110 (base 2) in base 8?
56
Convert 221001012 (base 4) to base 10.
168006
What is -1200021 (base 9) in base 14?
-12ca10
-2cf1c (base 16) to base 14
-4b136
1038dad (base 14) to base 5
3430410222
-2153443 (base 6) to base 16
-1a763
Convert -5241531 (base 6) to base 10.
-254431
-2fd63 (base 16) to base 3
-100221210000
What is 16e2b3 (base 15) in base 16?
10f3d1
What is 102211112202221 (base 3) in base 15?
8438ed
-39a38 (base 11) to base 3
-2220101210
Convert 4374832 (base 10) to base 7.
52120420
What is 221112 (base 12) in base 9?
1014125
-1229c (base 13) to base 16
-828e
32132123 (base 5) to base 9
452554
What is -111001011101101100 (base 2) in base 10?
-235372
Convert 23013121 (base 6) to base 12.
29a1a1
Convert 8787d (base 15) to base 10.
430543
Convert 10101111111101011011010 (base 2) to base 4.
111333223122
What is 10417405 (base 8) in base 13?
603a99
-207b2 (base 12) to base 11
-2a020
Convert 210422 (base 8) to base 6.
1255350
Convert -10101012001 (base 3) to base 12.
-32577
Convert -2222011331 (base 4) to base 10.
-696701
-210432232 (base 5) to base 15
-123eb2
906432 (base 13) to base 10
3355536
Convert -20111021022 (base 3) to base 5.
-13042042
Convert -173728 (base 11) to base 16.
-41878
66347 (base 8) to base 7
144165
What is 6a3938 (base 16) in base 6?
405113000
-2bd8a2 (base 14) to base 10
-1535606
Convert 1cdaa (base 14) to base 11.
506a1
Convert 1112010100100 (base 3) to base 10.
809442
-6b91c (base 16) to base 3
-211101101200
What is -3106133 (base 8) in base 12?
-337aa3
617564 (base 9) to base 2
1011001011101010101
230100203 (base 4) to base 12
88aab
-2442444134 (base 5) to base 8
-26166714
What is 17b87 (base 16) in base 10?
97159
-5a7117 (base 11) to base 9
-1724362
Convert 3686aa8 (base 11) to base 2.
11000011100010100000111
What is 243555415 (base 6) in base 12?
168bb6b
What is 2502353 (base 6) in base 3?
20202010020
What is -2e697 (base 16) in base 7?
-1421144
What is 19d57 (base 14) in base 9?
110151
What is -b56172 (base 12) in base 13?
-78ab4a
780b80 (base 12) to base 13
51b124
What is 10122021211 (base 3) in base 4?
101133211
-2526343 (base 12) to base 4
-123232201203
Convert 12454511 (base 7) to base 6.
40232215
-1011100111001101100110 (base 2) to base 12
-1029832
What is -865db0 (base 14) in base 7?
-53445610
-bc5c1 (base 13) to base 7
-2621510
63156 (base 10) to base 4
33122310
-3220302010 (base 4) to base 11
-5a13a7
What is 23513454 (base 6) in base 3?
1101122020121
What is -10000001010011001010 (base 2) in base 9?
-886435
What is -75a1b0 (base 13) in base 10?
-2764138
Convert -1041224312 (base 5) to base 7.
-25313303
-5026820 (base 9) to base 15
-37ca7c
What is -1334042 (base 6) in base 4?
-102100022
Convert 1011000101000110011 (base 2) to base 8.
1305063
Convert -25580226 (base 9) to base 6.
-1125235210
What is 302330020 (base 5) in base 16?
1287b1
Convert 801433 (base 9) to base 14.
c4799
What is 1aa8571 (base 12) in base 13?
12459b5
Convert 313213322 (base 4) to base 7.
1636145
Convert 21310333003 (base 4) to base 15.
35d54d
4979732 (base 11) to base 2
100001000000000100101011
Convert 101000001001010100 (base 2) to base 3.
22100120020
Convert -29330 (base 11) to base 15.
-c522
What is -16bbe1 (base 16) in base 8?
-5535741
What is 2148833 (base 9) in base 5?
243422220
What is 121020211002 (base 3) in base 11?
1a9387
What is -118790 (base 10) in base 2?
-11101000000000110
220032120 (base 4) to base 14
44088
What is 20121044043 (base 5) in base 15?
1b6e8ed
3312213120 (base 4) to base 14
1c41a8
Convert -391093 (base 10) to base 11.
-24791a
What is -1138b8 (base 13) in base 2?
-1100011100110001100
What is 23413 (base 9) in base 3?
210110110
79295 (base 11) to base 10
114812
What is -102111210202212 (base 3) in base 5?
-3031230402
What is 5032440 (base 9) in base 4?
22031332302
-45c2 (base 16) to base 11
-12465
-1e4ec3 (base 15) to base 16
-16a89e
What is 53985 (base 10) in base 12?
272a9
Convert 2552104 (base 6) to base 3.
21001212111
Convert -3523305 (base 7) to base 16.
-6c255
What is -12c879 (base 15) in base 8?
-3343577
What is -121010021221 (base 3) in base 8?
-1153621
-1131510405 (base 6) to base 10
-12684101
What is 19a46 (base 14) in base 15?
14474
What is -6d48 (base 16) in base 3?
-1102101011
What is -676371 (base 15) in base 12?
-1799b74
Convert -10121212 (base 5) to base 15.
-19772
41552 (base 15) to base 8
624345
23576 (base 12) to base 15
e0e6
What is 106435346 (base 7) in base 16?
63e64e
Convert -101111001111100011 (base 2) to base 15.
-3c507
Convert -320414434 (base 5) to base 9.
-2464625
Convert 16565606 (base 7) to base 16.
18dec5
What is 1b7127 (base 12) in base 14?
ca3cb
What is -4010534 (base 8) in base 7?
-11644013
111100000100000111001 (base 2) to base 16
1e0839
Convert 1c092c7 (base 14) to base 9.
28321267
Convert -94162 (base 10) to base 3.
-11210011111
Convert -725676 (base 9) to base 7.
-3442404
Convert -101c177 (base 15) to base 12.
-3a18887
What is 10011000011111111001 (base 2) in base 6?
21215453
4041124401 (base 5) to base 12
2889a81
20002221000 (base 3) to base 13
42957
Convert 121022033021 (base 4) to base 11.
37a5356
Convert 3423410034 (base 5) to base 15.
a0d249
Convert -573700 (base 8) to base 2.
-101111011111000000
-3505754 (base 8) to base 9
-1712638
What is 341316 (base 9) in base 16?
31e5a
-420421333 (base 5) to base 6
-101045502
What is -204411414 (base 5) in base 11?
-535a60
Convert -14505505 (base 6) to base 3.
-221202001212
Convert -16 (base 16) to base 8.
-26
242234301 (base 5) to base 4
10110302011
-1110000111000111 (base 2) to base 3
-2221021201
What is -1908bb1 (base 14) in base 12?
-41986b3
5041355 (base 7) to base 10
598379
-1123300001 (base 4) to base 2
-1011011110000000001
Convert -46725416 (base 8) to base 10.
-10201870
Convert 8614218 (base 9) to base 2.
10001100110110100110110
What is 22515033 (base 6) in base 11?
434839
Convert 323576 (base 9) to base 8.
570642
Convert -5a0c8 (base 16) to base 3.
-200201221202
2b52dd (base 14) to base 5
341400111
1015 (base 15) to base 10
3395
-410011333 (base 6) to base 3
-111011122020210
Convert -1144303502 (base 6) to base 8.
-61732136
What is -2178040 (base 11) in base 10?
-3817352
What